 (-9)/(-4) + 12/16. Let z(m) = 3*m**3 - 8*m + 8*m**2 - m - m**3 + 10 - j*m**3. Give z(h).
-4
Let v(p) = -22*p**3 + 11*p**2 + 11*p - 3. Let c(q) = -15*q**3 + 7*q**2 + 7*q - 2. Let x(y) = 8*c(y) - 5*v(y). Calculate x(1).
-9
Let f = -122 + 128. Let j(x) = -2*x + 3. Calculate j(f).
-9
Let c(m) = -148*m + 54*m - 5 + 80*m. What is c(4)?
-61
Let h be (2/4)/((-2)/(-12)). Let u(d) = -5*d - 2. Let m(w) = 4*w + 1. Let x(z) = h*u(z) + 4*m(z). Suppose 10*l - 16 - 24 = 0. Give x(l).
2
Let g(r) = 356*r**2 - r**3 - 8 + 2 - 3*r**3 + 3*r**3 - 345*r**2. What is g(11)?
-6
Let b = -25 + 20. Let p(j) = -j**3 - 7*j**2 - 8*j - 4. Determine p(b).
-14
Let s(n) = n + 8. Suppose -2*m = -2*p - 22, 5*p + 23 + 23 = -4*m. Calculate s(p).
-2
Let o = -20 - -26. Let g(f) = -3 + 2*f + 2 + 2*f - o*f. Calculate g(-1).
1
Let m(i) = 3*i + 1 - 8*i + i. Determine m(1).
-3
Let j(r) = -2*r + 18. Suppose 4*k + 0*k + 2*z = 26, k = -z + 4. Calculate j(k).
0
Let t(y) = -y**2 - 6*y - 8. Suppose 4*l + 70 = -6*l. What is t(l)?
-15
Let o be (16/(-24))/(2/(-21)). Suppose 3*s + o*n = 3*n + 19, 0 = 2*s - 5*n - 28. Let p(b) = -9*b + 20 - s - 9. Give p(2).
-16
Let f(g) = g + 3. Let r(u) = -u**2 - 2*u - 6. Let h(z) = 3*f(z) + r(z). What is h(3)?
-3
Let x(c) = 7*c**2 + 22*c + 4. Let s = 16 - 20. Let z(r) = 3*r**2 + 10*r + 2. Let p(m) = s*x(m) + 9*z(m). Determine p(-2).
-6
Let w(a) = 5*a**2 + 5*a - 1. Let l(f) = 6*f**2 + 6*f - 1. Let x(t) = -t**2 + 3*t + 13. Let q be x(6). Let y(u) = q*w(u) + 4*l(u). Give y(0).
1
Let x(z) = -2*z**2 + 2*z + 1. Let g = 146 + -148. Give x(g).
-11
Let u = -40 + 47. Let j(z) = -z + 4 + 62*z**2 - 63*z**2 + u*z. What is j(5)?
9
Let i(c) = 20*c - 1. Let y(m) be the first derivative of m**4/4 + 5*m**3/3 + 5*m**2/2 - 2*m + 5. Let n be y(-3). Calculate i(n).
19
Let f be (-38)/(-8) - 2/(-8). Let b(o) be the first derivative of o**4/12 - o**3 + o**2/2 - 17*o - 10. Let a(m) be the first derivative of b(m). Give a(f).
-4
Let x(z) = -z**2 - z - 2. Let w(j) = -15*j + 13. Let m be w(4). Let i = 45 + m. Determine x(i).
-4
Let z(y) = -y**3 + 6*y**2 + 9*y - 7. Let a(f) be the third derivative of f**6/40 - f**5/15 - f**4/6 + 7*f**3/6 + 29*f**2. Let k be a(2). Determine z(k).
7
Let z(s) = 26*s**2 + 20*s**2 - 7 - 50*s**2 + 5*s**3 - s - 4*s**3. Let p(n) = -n**2 - 10*n + 2. Let h be p(-8). Let g = h - 13. What is z(g)?
13
Let c = -46 - -35. Let k(a) = -a**3 - 12*a**2 - 12*a - 10. Determine k(c).
1
Let b(p) = -7*p + 2. Let x(m) = 22*m + 10 - 46*m + 23*m. Let u be x(12). Give b(u).
16
Let j(i) = 5 - 3*i**2 + 4*i + 1 - 8. Suppose m = -5, -3*d - 2*m = 2 - 1. Calculate j(d).
-17
Let c(h) = -5*h - 23. Let o(r) = 2*r + 8. Let j(z) = 3*c(z) + 8*o(z). Suppose -3*a = -5*a. Let b = a + 3. Give j(b).
-2
Let n(k) = -7*k - 10. Let p(m) = -15*m - 21. Let g(u) = -13*n(u) + 6*p(u). Calculate g(-7).
-3
Let h(f) be the second derivative of f**5/20 - f**4/3 + f**3/2 - f**2/2 - 5*f. Let a(b) = -b**2 - 24*b - 21. Let o be a(-23). Determine h(o).
-3
Let q(i) = i**3 - 688083*i + 2*i**2 + i**3 - 1 + 688085*i. Give q(-2).
-13
Suppose 21*k + 100 = 31*k. Let d(o) = -o**3 + 10*o**2 + o - 3. Give d(k).
7
Suppose n - 14 = -4*d, 0*d + 4*d - 22 = 3*n. Let k be n - -4 - -1*1. Let m(q) = -3 - 6*q**2 + 5*q**2 + k*q + 0*q**2. Calculate m(4).
-7
Let z(u) = 3*u - 12*u + 8 + 4*u + 6*u. Give z(-6).
2
Suppose -406*y + 399*y + 42 = 0. Let c(j) = 2*j**3 - 12*j**2 + j - 5. What is c(y)?
1
Let s(n) = -n - 13. Let r = -5 - 2. Let p(w) = w + 20. Let a(f) = r*s(f) - 5*p(f). Let t = 17 + -11. What is a(t)?
3
Let b(x) be the third derivative of x**4/8 + x**3/6 - 4*x**2. Let n(z) = -z**3 - 2*z**2 + 2*z - 1. Let p be n(-3). Let i be 1*2/4*p. Determine b(i).
4
Let l(d) be the second derivative of d**3/6 - 3*d**2/2 + 74*d + 2. What is l(15)?
12
Let y(f) = 11*f - 34. Let x be y(3). Let q(m) = -m + 2. Give q(x).
3
Suppose 0 = -z + 2*z. Let a(x) = z*x - 3*x - 5 + 2*x + 11. Calculate a(8).
-2
Let t(p) = p + 8. Suppose 0 = d - 5*u - 7, -2*d = -u + 3 - 17. Give t(d).
15
Let b = -5 + -2. Let s(v) be the third derivative of -v**5/60 - v**4/3 - 5*v**3/6 - 10*v**2 + 1. What is s(b)?
2
Suppose 0 = 5*b - 4*k - 18, -b = 2*k - 0 - 12. Let y(j) be the second derivative of -j**3/6 - j**2 - 135*j. What is y(b)?
-8
Let q(v) be the first derivative of 2*v**2 - 3*v - 6. Suppose 13 = -y + 5*r, -4*y + 9*y + 3*r = -9. Calculate q(y).
-15
Let g(n) = n**2 - n - 1. Let t(i) = 2*i**2 - 2*i + 7. Let p(q) = -g(q) + t(q). Let a = 7 + -1. Let k(s) = s**2 - 6*s. Let c be k(a). What is p(c)?
8
Let p(t) be the first derivative of -t**4/4 + 7*t**3/3 - 5*t**2/2 + 2*t + 1. Let o = 251 + -245. What is p(o)?
8
Let w be (2/2)/2*-2. Let m(y) be the second derivative of y**4/6 + y**3/3 + y**2/2 + 2*y. What is m(w)?
1
Let u(v) be the first derivative of -v**4/4 - v**3 - v**2 - 2*v + 119. Give u(-4).
22
Let z(n) = -39 + 24 + 7 + 9*n + 23 + n**2. Determine z(-6).
-3
Let a(l) be the second derivative of -l**4/12 + l**3/6 - 5*l**2 + l. Suppose 0 = 3*k + 2*m - 72, -5*k = 2*m + 30 - 146. Suppose 0 = 20*w - k*w. Calculate a(w).
-10
Let j(i) = -13*i - 2. Suppose 0 = 6*d - 37 + 31. Calculate j(d).
-15
Let s(a) = a**2 - a - 10. Let g be s(5). Let n be 6/g + 7/(175/110). Let i(p) = p**3 - 6*p**2 + 7. What is i(n)?
-18
Let y(z) be the second derivative of z**4/12 - z**3/3 - 2*z**2 + z. Let q = 12 + -12. Suppose -3*c - 2*s + 17 = 2*s, -2*c + s + 4 = q. What is y(c)?
-1
Let k(g) be the third derivative of -g**4/8 - g**3/6 + 130*g**2. Calculate k(-1).
2
Let b(r) = -r**2 + 3*r + 1. Let z(q) = 5*q**2 - 7*q - 19. Let a(l) = 3*b(l) + z(l). Determine a(-6).
44
Let h(y) be the first derivative of -y**5/60 - y**4/12 + y**3/6 + 11*y**2/2 - 8. Let f(v) be the second derivative of h(v). Determine f(-2).
1
Let o be (-13)/(-4) - (-1)/(-4). Let m(a) = -o*a**3 + 11*a**3 - 8*a**3 - 4*a**2 + 4 - a**3 + 2*a. Let z = -2 + -1. Determine m(z).
-11
Let y(m) = -m**3 + 6*m**2 + 2*m + 5. Let q(a) = -a**3 + a**2 + 1. Let p(u) = -6*q(u) + y(u). Determine p(1).
6
Let s(h) be the third derivative of 1/30*h**5 + 1/6*h**4 + 0*h + 1/3*h**3 + 0 + 29*h**2. Give s(-2).
2
Let s(p) = 48 + 4*p**2 - 51 - 16*p - 3*p**2 + 25. Determine s(14).
-6
Let w(h) be the first derivative of 5*h**2/2 - 24*h - 25. Let q be w(5). Let u(t) = -7*t**3 - t**2 + 2*t - 1. Calculate u(q).
-7
Suppose 2 = 2*a - 3*a. Let f(p) = -3*p**2 - 4*p + 3*p + 997 - 996. Give f(a).
-9
Let s(y) = -2*y**2 - 176*y + 546. Let u be s(-91). Let m(f) be the second derivative of 1/6*f**3 + 6*f + u*f**2 + 0. Determine m(-5).
-5
Let t(s) = -s**3 - s. Let l(r) be the third derivative of r**6/20 + r**5/12 - r**4/6 - 5*r**3/6 - 25*r**2. Let v(x) = -l(x) - 5*t(x). Determine v(-6).
-13
Let k(u) = 1 - 1 - 1 + 1 + 5 + u. Let l be (-1)/((-2)/(-4)) + 6. Give k(l).
9
Let m = -15 - -17. Suppose 0 = t + 1, 0 = 3*n + 2*t + m - 0. Suppose 0 = -n*y - y. Let a(x) = x - 11. What is a(y)?
-11
Let x(r) = 4*r**2. Let w(v) = 8*v**2. Let p(b) = -4*w(b) + 7*x(b). Suppose 283 = 5*g + 278. Calculate p(g).
-4
Let g(w) = -w**2 - 9*w - 11. Let o be g(-5). Let l(p) = -11 + 0*p + 11 + p + o. Give l(-10).
-1
Let n(f) = -3*f**2 + f + 1. Let c(w) be the third derivative of -w**4/6 - 7*w**3/2 + 17*w**2. Let k be c(-5). Calculate n(k).
-3
Let t(a) = -69*a - 13 + 68*a + 1. What is t(9)?
-21
Let a(j) be the second derivative of -5*j - j**3 - 5/2*j**2 - 1/20*j**5 + 0 - 1/2*j**4. Determine a(-4).
-13
Let w be (4 + 23/(-5))*-5. Let g be 8/w*12/(-8). Let f(h) = -h - 7. Calculate f(g).
-3
Suppose 208 - 220 = 2*y. Let x(p) = 2*p + 12. Determine x(y).
0
Let x(z) be the second derivative of -z**4/12 - 2*z**3/3 - z**2 + 7*z. Let i = -31 + 54. Suppose 0 = 4*k - 4*r + 32, -k + 4*r + 3 = i. Give x(k).
-2
Let f(s) be the first derivative of s**4/4 - 5*s**3/3 + 3*s**2 + 4*s - 283. Determine f(3).
4
Let c(w) = -w**2 + 9*w + 13. Suppose -40*s + 34*s = -54. Determine c(s).
13
Suppose 0 = 25*v - 82*v - 342. Let s(w) = w**3 + 6*w**2 + 4*w + 21. Determine s(v).
-3
Let v = -19 - -28. Let x(q) = -2*q**2 + 6 + q**3 - v*q + 0*q - 5*q**2. Let n be x(8). Let m(f) = -f**2 + f - 2. Calculate m(n).
-8
Suppose 0*h = -2*j + 3*h + 1, -2*h = 5*j + 26. Let v be 3*(24/9 + -3) + 8. Let x(f) = 0 - 2*f + 4 + 0 - v. What is x(j)?
5
Suppose 4*m = -4, -6*u + 5*m = -9*u - 26. Let f(b) = 2*b**2 + 9*b + 5. What is f(u)?
40
Suppose 4*j - 155 = 285. Let t be ((-6)